 f = b + 3. Suppose f = i + 2 - 4. What are the prime factors of i?
2
Suppose 20 = 3*k + 8. Suppose k*y = 9*y - 35. List the prime factors of y.
7
Suppose 10 = -2*m + 5*r, 3*m = m - 4*r + 26. Suppose 5*p - 70 = -m*i, 0 = 3*i + 2*i. What are the prime factors of p?
2, 7
List the prime factors of (-4)/(-10) - 651/(-35).
19
Let s be 4/(-16) + 150/(-8). Let y = s - -34. List the prime factors of y.
3, 5
Suppose 2*w - t - 274 = 0, -w - 2*t + 137 = t. List the prime factors of w.
137
Let x(i) be the first derivative of i**4/4 - i**3 + i**2/2 - i + 3. Let q be x(3). Suppose -5*b + 37 = q. What are the prime factors of b?
7
Let z(m) = 4*m**2 - 2*m - 3. Let c be z(-3). Suppose -4*b = -c - 5. List the prime factors of b.
11
Suppose 15 + 3 = -3*v. Let m(h) = -h - 4. Let s be m(v). Suppose c - 12 = -d - 3, -s*c = d - 9. List the prime factors of d.
3
Suppose -2*s - o - 20 = 0, 3*s - 5*o = -2 - 15. Let k(y) = 2*y + 38. Let t be k(-17). Let j = t - s. List the prime factors of j.
13
Let y = -10 - -5. Let i = 21 + y. List the prime factors of i.
2
Let s(d) = d**3 - 6*d**2 - 10*d + 17. Let y be s(7). Let g = -1 + 7. What are the prime factors of g/y - (-92)/8?
2, 5
Let n(h) = h**3 + 6*h**2 - 3*h + 2. Let m be n(-6). Let q = -14 + m. What are the prime factors of q?
2, 3
Suppose 20 = -2*z + 6*z. What are the prime factors of z?
5
Let r(k) = -k**2 + 5*k - 2. Suppose -3*v - 2*v + 15 = 0. List the prime factors of r(v).
2
Suppose 0 = 7*v - 5*v + 2. Let k(i) = -17*i. What are the prime factors of k(v)?
17
Suppose -2*c = -b + 6, 3*b - 16 = -0*b + 4*c. What are the prime factors of 23*(b - (1 + 2))?
23
Let j = 9 - 15. Let h be j/(-4) + 5/10. Suppose 3*x - h*n = 54, -n - 7 + 4 = 0. List the prime factors of x.
2
Suppose -s + 4*b + 12 = -3*s, s = b + 3. Let a = -2 + s. What are the prime factors of (-11 - -1)/(-4 - a)?
5
Let i(k) = k**3 + 4*k**2. List the prime factors of i(-2).
2
Let m(g) = -g + 5. Let w be 95/20 - 1/(-4). Let q be m(w). Let d(z) = -z + 9. List the prime factors of d(q).
3
Suppose -3*s + 2*i + 28 = 12, 3*s + i = 1. Suppose 1 = s*k - 11. Suppose 2*o - 2*v - 26 = 0, -3*v + k = -6. What are the prime factors of o?
17
Let g be (-8)/5 + (-4)/10. Let a = 22 + -19. List the prime factors of g/6 + 16/a.
5
Let m(j) = 2*j**2 - 5*j - 6. Suppose 0*o - 25 = -5*o. List the prime factors of m(o).
19
Suppose 3*r = 2*r + 7. Suppose -r*p + 10 = -6*p. List the prime factors of p.
2, 5
Suppose 5*y = -w + 7 + 7, -5*y - 34 = -w. List the prime factors of w*2/(-4)*-2.
2, 3
Suppose 0*l - 5*l = -3*f + 27, -5*f - 2*l = -14. Suppose -3*p + 3*x + 29 = 5, -4*p + f = 3*x. Suppose 0 = p*z - 43 + 7. What are the prime factors of z?
3
Let j(n) = -n**3 + 6*n**2 - 3*n - 1. Let p(t) = t**2 + 5*t + 5. Let r be p(-5). What are the prime factors of j(r)?
3
Let a(r) = -6*r**3 + 4 + 5*r**3 - 8*r**2 + 9*r + 2*r**3. List the prime factors of a(7).
2, 3
Let w(g) = -g**2 + 7*g - 6. Let a be w(6). Suppose -2*l - 4*d + 30 = a, 4 + 6 = 2*d. What are the prime factors of l?
5
Let o(h) = 5*h**3 + h. Let z be o(1). Let k be (9/z)/((-2)/(-4)). Let r(d) = d**2 + 2*d - 4. List the prime factors of r(k).
11
Suppose -4*x + 223 = -5*g, -2*g - 115 = -2*x - 3*g. List the prime factors of x.
3, 19
Suppose 0 = 2*g + 5*y - 153, g = -2*y + y + 72. Let j = g - 43. List the prime factors of j.
2, 13
Let y be (-4)/(-10) - (-24)/(-10). Let j = y + 4. Suppose j*s = -0*s + 10. What are the prime factors of s?
5
Let x(h) = h**3 + 5*h**2. Let r be x(-5). Let f(g) = 3*g - 6 - g + r*g + g. What are the prime factors of f(4)?
2, 3
Let q = 77 + -25. List the prime factors of q.
2, 13
Suppose 0 = -q + 48 + 20. Let r = q + -48. What are the prime factors of r?
2, 5
Suppose -6*f + 2*f + 8 = 0. Suppose d - 4*h = -4, f*d - d = -3*h + 3. What are the prime factors of (-5)/(d/(-3) + -1)?
5
Suppose 7*m - 275 = 2*m. List the prime factors of m.
5, 11
Let r(m) = -m**3 + 3*m**2 + 3*m + 2. Let i be r(4). Let g be i/3 + (-110)/15. List the prime factors of (-8)/3*66/g.
2, 11
Suppose h - 61 = -5*d, 106 = 2*h + 5*d - 6. What are the prime factors of h?
3, 17
Suppose 3*n - 23 = -3*i + 91, 0 = i - 4. What are the prime factors of n?
2, 17
Let u(x) = -2*x - 2 - 1 - 1 + x. Let r be u(-2). Let t = 4 - r. List the prime factors of t.
2, 3
Let l be 4/(-6) + (-1)/3. Let g(t) = -19*t**3 - t - 1. List the prime factors of g(l).
19
Suppose 2*p + 1 = -9. Let h(g) = g**3 + 5*g**2 + g + 5. Let t be h(p). Suppose t = -2*d + 6*d - 16. What are the prime factors of d?
2
Let t be (4/3)/(2/(-3)). Let l(r) = 4*r**2 + 4*r + 2. What are the prime factors of l(t)?
2, 5
Let u(z) = 6*z**2 + 14*z + 13. List the prime factors of u(-6).
5, 29
Suppose 5*z + 315 - 1090 = 0. List the prime factors of z.
5, 31
Let q = -11 - -15. List the prime factors of q.
2
Let n(g) = -g**3 + 19*g**2 - 17*g + 2. What are the prime factors of n(18)?
2, 5
Let p be (-12 + 2)/(-2 + 0). Suppose -4*j - p = 3. List the prime factors of 916/44 - j/11.
3, 7
Let f(a) = -2*a**3 - 2*a**2 + 2*a. Let l be f(-2). Suppose -3*m - i = -12, -5*m - l*i + i + 20 = 0. List the prime factors of m.
2
Suppose 0*p - p + 2 = 0. Suppose -2*t + 3*t = p. Let k = 7 - t. List the prime factors of k.
5
Suppose -4*i + 87 = 7. Suppose 0*j + 2*j - 24 = 0. Let m = i - j. List the prime factors of m.
2
Suppose 0 = 3*k - 6*k + 4*t + 22, -k = 4*t + 14. Let i(z) = -3*z - 2. Let l be i(-3). Suppose k = -g + l. What are the prime factors of g?
5
Let s = 14 + -10. Suppose 0 = -n - s*n. What are the prime factors of (1 + n)/(1/4)?
2
Suppose -12 = -3*n + 48. List the prime factors of n.
2, 5
Suppose -1160 = -82*w + 78*w. What are the prime factors of w?
2, 5, 29
Suppose -2*x = -3*x - 4*j + 144, -5*x - 2*j = -630. List the prime factors of x.
2, 31
Let v = -15 - -16. Suppose -2*b + v - 3 = -4*d, 5*b - 15 = 0. What are the prime factors of d?
2
Suppose 5*h + 5*i - 20 = 0, 0 = h - 4*h - 5*i + 20. Let o(l) = l + 5. What are the prime factors of o(h)?
5
Let p(h) = 6*h**2 - 2*h + 1. Let m be p(1). What are the prime factors of (38/(-1))/(m + -7)?
19
Suppose -6 + 1 = -5*n. Let s be ((-3)/n)/1 + 1. Let j = 4 - s. List the prime factors of j.
2, 3
Let u = 55 - 16. What are the prime factors of u?
3, 13
Let b = -15 - -11. Let f = 8 + b. List the prime factors of f.
2
Let c(g) = g**3 - 3*g + 4. Let d be c(3). Let l = -12 + d. List the prime factors of l.
2, 5
Let d = 8 + -5. Suppose 2*m = -m + m. Suppose 5*f = 3*i - d, f - 3 = -m*f. What are the prime factors of i?
2, 3
Let q = -80 + 286. List the prime factors of q.
2, 103
Suppose -3*m + 1165 = 5*o, -o + 285 - 24 = -5*m. Suppose 3*r + o = 62. List the prime factors of 4/(-14) - r/7.
2
Suppose 2*t + x = 2*x + 203, 3*t - 5*x = 322. List the prime factors of t.
3, 11
Let t(c) = -5*c**2 + c**2 - 5 + 5*c**2. What are the prime factors of t(4)?
11
Let q(k) = -k**2 - 14*k - 2. What are the prime factors of q(-13)?
11
Suppose 0 = -p + 18 - 0. Let h = p + 0. List the prime factors of h.
2, 3
Let l(h) = -h + 37. List the prime factors of l(-20).
3, 19
List the prime factors of (4*82/(-6))/((-4)/12).
2, 41
Let w(q) = 13*q**2 - 14*q**2 + q + 20 + 6. What are the prime factors of w(0)?
2, 13
Suppose 51 = 13*k - 40. What are the prime factors of k?
7
Let u(g) = -g - 7. Let f be u(-7). Let b be (-4)/2*2/(-4). Suppose -r + 3 - b = f. List the prime factors of r.
2
Let g = 10 + -16. Let x = g - 9. Let d = x - -21. What are the prime factors of d?
2, 3
Let c(m) = -3*m - 6*m + 5 + 13*m - 3*m. What are the prime factors of c(6)?
11
Suppose 0 = 4*u - 39 - 49. List the prime factors of u.
2, 11
Let m = 61 - 38. Suppose f - 6 = -f. Suppose 4 + m = f*r. What are the prime factors of r?
3
Suppose 0 = -d - 4*d + 275. Suppose -d = 3*q - 8*q. List the prime factors of q.
11
List the prime factors of (-448)/(-10) - (-7)/35.
3, 5
Suppose 18 = -4*r - 2. Let n = -3 - r. Suppose 0*t + 5*t = p + 58, 0 = 2*t - n*p - 20. What are the prime factors of t?
2, 3
Let l(j) = -19*j + 16. List the prime factors of l(-6).
2, 5, 13
Let u(n) = 36*n - 77. What are the prime factors of u(9)?
13, 19
Let q(i) = -i**2 + 12*i - 13. Let d be q(11). What are the prime factors of d/(-8) - (-63)/4?
2
Let o(l) = -4*l**3 + 5*l**3 - 9*l + 12 - 7*l**2 - 3*l**3 + 3*l**3. Suppose -2*t = 5*z - 3*t - 43, 4*z - 38 = 2*t. List the prime factors of o(